57 + 5?
-2752
In base 6, what is 1211114 - 2?
1211112
In base 7, what is 3 + 62253?
62256
In base 14, what is -a7 + a22?
959
In base 5, what is -4 + -1100333?
-1100342
In base 14, what is -5 - 3146?
-314b
In base 3, what is -20 - -202012?
201222
In base 13, what is -6 + 4019?
4013
In base 14, what is -48 - -a8d?
a45
In base 10, what is -5 - -10003?
9998
In base 11, what is 2104 + 16?
211a
In base 16, what is 134 - 67?
cd
In base 10, what is -7 + -7664?
-7671
In base 3, what is -102 + -221110?
-221212
In base 9, what is -3 - -10245?
10242
In base 12, what is -3401b + -2?
-34021
In base 5, what is -4 + -32040110?
-32040114
In base 10, what is -29595 + 0?
-29595
In base 7, what is 14002446 + 0?
14002446
In base 4, what is 220331021 + -10?
220331011
In base 7, what is -4 + 146?
142
In base 6, what is 31 - -234421?
234452
In base 3, what is -120220 - 2112?
-200102
In base 7, what is -1136 - -14243?
13104
In base 13, what is 0 - 5b6c?
-5b6c
In base 11, what is 72 + 271?
333
In base 11, what is -315a + 2?
-3158
In base 14, what is -d354 - 2?
-d356
In base 10, what is 1545 + 3741?
5286
In base 8, what is -3 + 1677?
1674
In base 15, what is e + -db9?
-daa
In base 15, what is -3e3b + c?
-3e2e
In base 6, what is 2 - -254305?
254311
In base 8, what is 45 + 3771?
4036
In base 2, what is -1101110 - 100101100?
-110011010
In base 15, what is -4 - 5e5c?
-5e61
In base 9, what is -2665 + -640?
-3415
In base 7, what is -10 - -11004?
10664
In base 15, what is -4ba - 2d?
-4e8
In base 9, what is 17378 + 5?
17384
In base 13, what is 7 + 1a8686?
1a8690
In base 12, what is 6 - -49162?
49168
In base 6, what is 0 - -313432?
313432
In base 3, what is 10022012220 - 21?
10022012122
In base 7, what is 132 + 30303?
30435
In base 12, what is -15112 - 3?
-15115
In base 11, what is 52 + -3091?
-303a
In base 14, what is -12d56 + 0?
-12d56
In base 7, what is -626 - 222?
-1151
In base 8, what is -3 - -36132?
36127
In base 4, what is -1 - -3012320101?
3012320100
In base 7, what is -3 + -24203?
-24206
In base 14, what is -5 - 2c9285?
-2c928a
In base 13, what is -7b - 5c?
-10a
In base 7, what is -2430062 - -4?
-2430055
In base 12, what is 4a60 - 1?
4a5b
In base 11, what is 33505 - -96?
335a0
In base 3, what is -2 - -1100000?
1022221
In base 13, what is -18 - -8c3?
8a8
In base 5, what is -4340 - -43?
-4242
In base 5, what is 14402 - -22?
14424
In base 4, what is 23333 - -33130?
123123
In base 15, what is -bee - -18?
-bd6
In base 9, what is 5 - 2728?
-2723
In base 15, what is 9 - -16cc?
16d6
In base 12, what is a - -77835?
77843
In base 4, what is 11202 - 21111?
-3303
In base 3, what is 12020110 - -10?
12020120
In base 10, what is -222057 - 7?
-222064
In base 9, what is 506 - 231?
265
In base 8, what is -1227672 + -2?
-1227674
In base 16, what is -17f + 11?
-16e
In base 12, what is -b3b0 + 36?
-b376
In base 3, what is -1 - 11000002221?
-11000002222
In base 3, what is -1110 - 2211100110?
-2211101220
In base 12, what is 87141 - 9?
87134
In base 6, what is -305254 - 5?
-305303
In base 3, what is 10111011 - 1002?
10110002
In base 15, what is 12c + -1665?
-1538
In base 7, what is 33450 + -14?
33433
In base 16, what is -488890 + -5?
-488895
In base 7, what is 4642 - 143?
4466
In base 9, what is -434 - 48?
-483
In base 3, what is -20 - 220122020?
-220122110
In base 2, what is -110110011001110 - -110101?
-110110010011001
In base 12, what is 34625 + -15?
34610
In base 11, what is a8 + -356?
-259
In base 14, what is -3 + d674?
d671
In base 8, what is 30 + 40046?
40076
In base 14, what is 161 + 25c?
3bd
In base 14, what is -1c976 + -3?
-1c979
In base 8, what is 22 + -3165?
-3143
In base 11, what is -a4 + 2a72?
2979
In base 15, what is 9a8c - -3?
9a90
In base 10, what is -100 + 5?
-95
In base 14, what is d50 + 345?
1295
In base 11, what is -409a + -3a7?
-4496
In base 4, what is -110331111 + 11?
-110331100
In base 3, what is 11022012011 - -11?
11022012022
In base 13, what is 7 + 589?
593
In base 4, what is -11 - 20002320?
-20002331
In base 5, what is 340213 + 112?
340330
In base 8, what is 4 - -701750?
701754
In base 14, what is -1b - -3d65?
3d48
In base 3, what is 2 + -102021101?
-102021022
In base 8, what is 7771 - 20?
7751
In base 16, what is 9a2c - b?
9a21
In base 7, what is 210125 + -30?
210065
In base 16, what is 38937 + -3?
38934
In base 11, what is -2873a - 2?
-28741
In base 9, what is -2038 + 21?
-2017
In base 7, what is 5 + 13253?
13261
In base 4, what is 1333000202 - 2?
1333000200
In base 7, what is 5 + 34320?
34325
In base 5, what is 4 + 3212033?
3212042
In base 6, what is 4 + -4?
0
In base 9, what is -163162 + -6?
-163168
In base 4, what is -11331112 - 0?
-11331112
In base 7, what is 511141 + -36?
511102
In base 13, what is -41 - -547?
506
In base 8, what is -144162 + -7?
-144171
In base 15, what is 396c + -1c?
3950
In base 12, what is 5 - 3874b?
-38746
In base 10, what is -122083 + 2?
-122081
In base 5, what is 201443 + 2433?
204431
In base 6, what is 15531 + 1?
15532
In base 10, what is 2274295 + -1?
2274294
In base 6, what is -12 - 1011324?
-1011340
In base 16, what is 957 + e?
965
In base 6, what is 324 - 20234?
-15510
In base 8, what is -2 - 43603?
-43605
In base 10, what is 333256 - -2?
333258
In base 4, what is 33 + 2000001320?
2000002013
In base 2, what is -1000101110 + 110100111?
-10000111
In base 5, what is 310 + -122?
133
In base 2, what is 111101100010011110 + 100?
111101100010100010
In base 9, what is 845 + -38?
806
In base 4, what is 22 + 1012332330?
1012333012
In base 3, what is -12111212212 + 11?
-12111212201
In base 13, what is 5 - 9a45?
-9a40
In base 3, what is -202200200022 + -100?
-202200200122
In base 13, what is -4 + 3481a?
34816
In base 15, what is 31a + 30?
34a
In base 14, what is 0 + ac4?
ac4
In base 2, what is -110110001100111011 + 101?
-110110001100110110
In base 9, what is 3615 + 225?
3841
In base 10, what is -11019 - -4?
-11015
In base 13, what is 150c - -95b?
216a
In base 7, what is 1522016 + 5?
1522024
In base 3, what is -101020110 + 1001?
-101012102
In base 5, what is -13011 + 11101?
-1410
In base 16, what is 37 - 1812?
-17db
In base 13, what is 503 - 3?
500
In base 11, what is -4 - 235525?
-235529
In base 7, what is 1422651 - 3?
1422645
In base 10, what is -2410 + 31?
-2379
In base 15, what is 255 + 1c7?
42c
In base 12, what is 82 + -122?
-60
In base 14, what is -1 - -61bb?
61ba
In base 12, what is 28 + a1?
109
In base 13, what is 10827 - -4?
1082b
In base 7, what is -1 + -44605?
-44606
In base 10, what is -75 - 63?
-138
In base 10, what is -2 - -47892?
47890
In base 5, what is -131 + 242144?
242013
In base 10, what is 8 - 16585?
-16577
In base 6, what is 453 - 332?
121
In base 3, what is 0 - -1001200001222?
1001200001222
In base 13, what is 12 - 5155?
-5143
In base 3, what is -101022001 + -212?
-101022220
In base 15, what is 172 + 8?
17a
In base 2, what is -101000 + 10000101010111?
10000100101111
In base 13, what is -308c28 + -3?
-308c2b
In base 4, what is -223120332 + -10?
-223121002
In base 6, what is -5 - -3105143?
3105134
In base 5, what is -424 - 24032?
-30011
In base 11, what is -3a361 + 3?
-3a359
In base 8, what is 12 + -75?
-63
In base 7, what is -3 - 6621?
-6624
In base 7, what is 125336 - 41?
125265
In base 11, what is -8288 - -2?
-8286
In base 5, what is 330333 - 1?
330332
In base 12, what is 325859 - 0?
325859
In base 13, what is c589 - -5?
c591
In base 16, what is ae - 76b?
-6bd
In base 9, what is -148135 - -6?
-148128
In base 9, what is 7 + 112545?
112553
In base 11, what is 76a12 + -5?
76a08
In base 8, what is -5 - 23610?
-23615
In base 6, what is -2 - -24124133?
24124131
In base 6, what is -45 + -1430?
-1515
In base 5, what is 30 - -2033?
2113
In base 14, what is 408d + 2?
4091
In base 11, what is 22a832 - -5?
22a837
In base 16, what is -66cb8 + 3?
-66cb5
In base 11, what is -27680 + -9?
-27689
In base 9, what is 6 + 147257?
147264
In base 11, what is -318917 + 2?
-318915
In base 2, what is -1 - 1100101101110110110?
-1100101101110110111
In base 11, what is -500 - 27?
-527
In base 16, what is 3d2f + -1?
3d2e
In base 4, what is -33310 + 330?
-32320
In base 14, what is c7a - c?
c6c
In base 10, what is -1 + 1115267?
1115266
In base 6, what is 3151 - -2341?
5532
In base 13, what is -18b + 5b?
-130
In base 16, what is -d7 + 621?
54a
In ba